{"id":773,"date":"2018-06-19T10:44:41","date_gmt":"2018-06-19T08:44:41","guid":{"rendered":"http:\/\/greatpeopleinside.com\/spain\/?page_id=773"},"modified":"2023-06-27T09:59:59","modified_gmt":"2023-06-27T14:59:59","slug":"services","status":"publish","type":"page","link":"https:\/\/greatpeopleinside.com\/peru\/services\/","title":{"rendered":"Servicios"},"content":{"rendered":"<div id='av_section_1'  class='avia-section main_color avia-section-default avia-no-border-styling  avia-bg-style-scroll  avia-builder-el-0  el_before_av_section  avia-builder-el-first   av-arrow-down-section av-minimum-height av-minimum-height-custom  container_wrap sidebar_right' style='background-color: #093f75; background-repeat: no-repeat; background-image: url(https:\/\/greatpeopleinside.com\/peru\/wp-content\/uploads\/2018\/10\/16.png);background-attachment: scroll; background-position: top right;  '  data-section-bg-repeat='no-repeat'><div class='container' style='height:330px'><main  role=\"main\" itemprop=\"mainContentOfPage\"  class='template-page content  av-content-small alpha units'><div class='post-entry post-entry-type-page post-entry-773'><div class='entry-content-wrapper clearfix'>\n<div  style='padding-bottom:40px; color:#e2f4ff;font-size:62px;' class='av-special-heading av-special-heading-h2 custom-color-heading blockquote modern-quote  avia-builder-el-1  avia-builder-el-no-sibling  av-inherit-size '><h2 class='av-special-heading-tag '  itemprop=\"headline\"  >PER\u00da<\/h2><div class ='av-subheading av-subheading_below av_custom_color ' style='font-size:22px;'><p>PARTNER REGIONAL<\/p>\n<\/div><div class='special-heading-border'><div class='special-heading-inner-border' style='border-color:#e2f4ff'><\/div><\/div><\/div>\n\n<\/div><\/div><\/main><!-- close content main element --><\/div><div class='av-extra-border-element border-extra-arrow-down'><div class='av-extra-border-outer'><div class='av-extra-border-inner'  style='background-color:#093f75;' ><\/div><\/div><\/div><\/div><div id='av_section_2'  class='avia-section main_color avia-section-large avia-no-border-styling  avia-bg-style-scroll  avia-builder-el-2  el_after_av_section  el_before_av_button_big   av-arrow-down-section container_wrap sidebar_right' style='background-repeat: no-repeat; background-image: url(https:\/\/greatpeopleinside.com\/peru\/wp-content\/uploads\/2018\/08\/01.jpg);background-attachment: scroll; background-position: top left;  '  data-section-bg-repeat='no-repeat'><div class='container' ><div class='template-page content  av-content-small alpha units'><div class='post-entry post-entry-type-page post-entry-773'><div class='entry-content-wrapper clearfix'>\n<div  class='avia-image-container  av-styling-    avia-builder-el-3  el_before_av_tab_container  avia-builder-el-first  avia-align-center '  itemprop=\"image\" itemscope=\"itemscope\" itemtype=\"https:\/\/schema.org\/ImageObject\"  ><div class='avia-image-container-inner'><div class='avia-image-overlay-wrap'><img class='avia_image' src='https:\/\/greatpeopleinside.com\/peru\/wp-content\/uploads\/2018\/08\/services_01.png' alt='' title='' height=\"136\" width=\"1115\"  itemprop=\"thumbnailUrl\"  \/><\/div><\/div><\/div>\n<div  class=\"tabcontainer   sidebar_tab sidebar_tab_left border_tabs  avia-builder-el-4  el_after_av_image  el_before_av_one_fifth \">\n\n<section class=\"av_tab_section\"  itemscope=\"itemscope\" itemtype=\"https:\/\/schema.org\/CreativeWork\" ><div aria-controls=\"tab-id-1\" role=\"tab\" tabindex=\"0\" data-fake-id=\"#tab-id-1\" class=\"tab active_tab\"  itemprop=\"headline\" >Reclutamiento Ejecutivo y Gerencial<\/div>\n<div id=\"tab-id-1-container\" class=\"tab_content active_tab_content\" aria-hidden=\"false\">\n<div class=\"tab_inner_content invers-color\"  itemprop=\"text\" >\n<p>Hay muchas evaluaciones en el mercado que ayudan a evaluar a ejecutivos y gerentes. Sin embargo, la mayor\u00eda ofrecen paquetes fijos de mediciones y Bibliotecas de Puestos que no se ajustan a su organizaci\u00f3n, mercado y personal.<\/p>\n<p>Los usuarios no pueden elegir qu\u00e9 tan larga\/corta, simple\/compleja, costosa\/econ\u00f3mica debe ser su evaluaci\u00f3n. Por lo tanto, s\u00f3lo pueden medir lo que el proveedor de la evaluaci\u00f3n les dice que pueden (o no pueden) medir.<\/p>\n<p>Great People Inside (GPI) est\u00e1 cambiando este modus operandi para todos sus usuarios. Con GPI, usted puede medir EXACTAMENTE lo que desea \u2013 Y elegir el tama\u00f1o, duraci\u00f3n, complejidad y costo de la evaluaci\u00f3n.<\/p>\n<p>Ya no tiene que limitarse a lo m\u00e1s parecido, cuando dispone de la soluci\u00f3n perfecta que le brinda GPI.<\/p>\n<p>A pesar de esta capacidad \u00fanica de personalizaci\u00f3n, que se utiliza para crear evaluaciones Great People Inside, siempre son m\u00e1s econ\u00f3micas en comparaci\u00f3n con otras evaluaciones usadas en el Reclutamiento Ejecutivo y Gerencial.<\/p>\n<p><strong>Para mayor informaci\u00f3n, pida <a href=\"http:\/\/greatpeopleinside.com\/peru\/documentaci\u00f3n\">aqu\u00ed<\/a> una copia de nuestro folleto de Reclutamiento Ejecutivo y Gerencial.<\/strong><\/p>\n\n<\/div>\n<\/div>\n<\/section>\n\n<section class=\"av_tab_section\"  itemscope=\"itemscope\" itemtype=\"https:\/\/schema.org\/CreativeWork\" ><div aria-controls=\"tab-id-2\" role=\"tab\" tabindex=\"0\" data-fake-id=\"#tab-id-2\" class=\"tab \"  itemprop=\"headline\" >Desarrollo Gerencial y de Liderazgo<\/div>\n<div id=\"tab-id-2-container\" class=\"tab_content \" aria-hidden=\"true\">\n<div class=\"tab_inner_content invers-color\"  itemprop=\"text\" >\n<p>Es bueno usar evaluaciones para reclutar nuevos empleados eficientes, pero pocas organizaciones comienzan con una hoja de papel en blanco.<\/p>\n<p>Entonces, \u00bfc\u00f3mo puede una organizaci\u00f3n mejorar el desempe\u00f1o de sus actuales colaboradores para llevarlos al nivel de los mejores? Usando las evaluaciones psicom\u00e9tricas y encuestas 360 personalizadas de Great People Inside.<\/p>\n<p>El Informe Gerencial de nuestras evaluaciones psicom\u00e9tricas provee Detalles de Comportamiento y sugerencias de Coaching y Desarrollo que ayudan a los ejecutivos a mejorar el desempe\u00f1o individual.<\/p>\n<p>Nuestras herramientas 360 ayudan a que las personas y sus gerentes vean c\u00f3mo los perciben sus jefes, colegas, reportes directos y otros observadores importantes en sus roles cotidianos.<\/p>\n<p>Una evaluaci\u00f3n psicom\u00e9trica le dice lo que hacen, una herramienta 360 le dice c\u00f3mo lo hacen y la informaci\u00f3n de GPI puede utilizarse para acercar a los miembros del equipo con un bajo rendimiento al nivel de los mejores.<\/p>\n<p><strong>Para mayor informaci\u00f3n, pida <span style=\"color: #ff0000;\"><a style=\"color: #ff0000;\" href=\"http:\/\/greatpeopleinside.com\/peru\/documentaci\u00f3n\">aqu\u00ed<\/a><\/span> una copia de nuestro folleto de Desarrollo Gerencial y de Liderazgo.<\/strong><\/p>\n\n<\/div>\n<\/div>\n<\/section>\n\n<section class=\"av_tab_section\"  itemscope=\"itemscope\" itemtype=\"https:\/\/schema.org\/CreativeWork\" ><div aria-controls=\"tab-id-3\" role=\"tab\" tabindex=\"0\" data-fake-id=\"#tab-id-3\" class=\"tab \"  itemprop=\"headline\" >Reclutamiento y Filtrado Masivo<\/div>\n<div id=\"tab-id-3-container\" class=\"tab_content \" aria-hidden=\"true\">\n<div class=\"tab_inner_content invers-color\"  itemprop=\"text\" >\n<p>Los m\u00e9todos tradicionales para filtrar grandes cantidades de postulantes pueden ser lentos, costosos e ineficientes. Muchas organizaciones aplican procedimientos de baja calidad usando m\u00e9todos primitivos, tales como el an\u00e1lisis de palabras clave, o costosos (aunque in\u00fatiles) revisiones manuales.<\/p>\n<p><strong>\u00bfLe sucede esto en su organizaci\u00f3n?<\/strong> Usted necesita (y puede) hacerlo mejor.<\/p>\n<p>Con Great People Inside, usted crea una breve evaluaci\u00f3n personalizada para cada posici\u00f3n, un Perfil de Puesto con qu\u00e9 comparar a sus candidatos y un enlace que puede poner en su Sistema de Reclutamiento y Selecci\u00f3n.<\/p>\n<p>Los candidatos responden a la evaluaci\u00f3n como parte del proceso de selecci\u00f3n (en tan s\u00f3lo 10-12 minutos), sus resultados se comparan con el Perfil y, cada d\u00eda, podr\u00e1 acceder a una lista de candidatos que encajan en el puesto que est\u00e1 reclutando (y el porcentaje de compatibilidad con el Perfil de Puesto que cre\u00f3).<\/p>\n<p>S\u00f3lo tiene que revisar los expedientes de aquellos que cumplen con sus exigencias.<\/p>\n<p>GPI es la herramienta m\u00e1s econ\u00f3mica del mercado para procesos de reclutamiento masivo. Nuestro sistema le ahorra tiempo y dinero, no requiere ninguna intervenci\u00f3n manual hasta despu\u00e9s de completar el filtrado inicial y se basa en algo m\u00e1s riguroso que la b\u00fasqueda por palabras clave.<\/p>\n<p>Garantiza, a un costo muy bajo &#8220;por candidato&#8221;, que s\u00f3lo tendr\u00e1 que entrevistar a quienes, con certeza, se desempe\u00f1ar\u00e1n bien en el puesto.<\/p>\n<p>El costo de este proceso de filtrado es significativamente menor, y el resultado mucho m\u00e1s cient\u00edfico, que cualquier otro sistema de depuraci\u00f3n.<\/p>\n<p><strong>Para mayor informaci\u00f3n, pida <a href=\"http:\/\/greatpeopleinside.com\/peru\/documentacion\">aqu\u00ed<\/a> una copia de nuestro folleto de Reclutamiento Masivo.<\/strong><\/p>\n\n<\/div>\n<\/div>\n<\/section>\n\n<section class=\"av_tab_section\"  itemscope=\"itemscope\" itemtype=\"https:\/\/schema.org\/CreativeWork\" ><div aria-controls=\"tab-id-4\" role=\"tab\" tabindex=\"0\" data-fake-id=\"#tab-id-4\" class=\"tab \"  itemprop=\"headline\" >Reclutamiento y Pre-selecci\u00f3n de Graduados<\/div>\n<div id=\"tab-id-4-container\" class=\"tab_content \" aria-hidden=\"true\">\n<div class=\"tab_inner_content invers-color\"  itemprop=\"text\" >\n<p>Los graduados representan el futuro de su organizaci\u00f3n y, sin embargo, usted necesita reducir el inevitable volumen de postulantes a sus programas de graduados. Muchas organizaciones aplican sistemas de preselecci\u00f3n de mala calidad usando metodolog\u00edas superficiales, como el an\u00e1lisis de palabras clave, u otras costosas, como el filtrado manual.<\/p>\n<p><strong>\u00bfLe sucede esto en su organizaci\u00f3n?<\/strong> Usted necesita (y puede) hacerlo mejor.<\/p>\n<p>Con GPI, usted crea una evaluaci\u00f3n personalizada, con contenido, extensi\u00f3n y complejidad seleccionados a su criterio, un Perfil de Puesto basado en candidatos exitosos reclutados en el pasado y un enlace que puede poner en su Sistema de Reclutamiento y Selecci\u00f3n.<\/p>\n<p>Los candidatos se inscriben por su cuenta y completan la evaluaci\u00f3n como parte del proceso de postulaci\u00f3n. Se comparan sus resultados con el Perfil de Puesto que usted cre\u00f3. Cada d\u00eda, podr\u00e1 acceder a una lista de candidatos que encajan en la posici\u00f3n por cubrir (y el porcentaje de compatibilidad que cada uno obtuvo).<\/p>\n<p>Usted s\u00f3lo tiene que ver las solicitudes de aquellos que alcanzaron el nivel requerido, ahorrando tiempo y dinero.<\/p>\n<p>Great People Inside es la herramienta m\u00e1s econ\u00f3mica del mercado para la preselecci\u00f3n de graduados. Nuestro sistema ahorra tiempo y dinero y no requiere ninguna intervenci\u00f3n manual hasta que haya terminado el proceso de filtrado inicial.<\/p>\n<p>Garantiza, a un muy bajo costo &#8220;por candidato&#8221;, que s\u00f3lo tendr\u00e1 que entrevistar a quienes, con certeza, se desempe\u00f1ar\u00e1n bien en el puesto.<\/p>\n<p>El costo del proceso GPI de preselecci\u00f3n de graduados es significativamente menor, y el resultado mucho m\u00e1s riguroso, que cualquier otro sistema de filtrado.<\/p>\n<p><strong>Para mayor informaci\u00f3n, pida <a href=\"http:\/\/greatpeopleinside.com\/peru\/documentacion\">aqu\u00ed<\/a> una copia de nuestro folleto de Reclutamiento de Graduados.<\/strong><\/p>\n\n<\/div>\n<\/div>\n<\/section>\n\n<\/div>\n\n<div class=\"flex_column av_one_fifth  flex_column_div av-zero-column-padding first  avia-builder-el-5  el_after_av_tab_container  el_before_av_three_fifth  \" style='border-radius:0px; '><\/div><div class=\"flex_column av_three_fifth  flex_column_div av-zero-column-padding   avia-builder-el-6  el_after_av_one_fifth  el_before_av_one_fifth  \" style='border-radius:0px; '><div  class='avia-video avia-video-16-9   av-lazyload-immediate  av-lazyload-video-embed  '   itemprop=\"video\" itemtype=\"https:\/\/schema.org\/VideoObject\"  data-original_url='https:\/\/vimeo.com\/711433535' ><script type='text\/html' class='av-video-tmpl'><div class='avia-iframe-wrap'><iframe title=\"SELECCI\u00d3N\" src=\"https:\/\/player.vimeo.com\/video\/711433535?dnt=1&amp;app_id=122963&autoplay=0&loop=1&controls=1&muted=0\" width=\"1500\" height=\"844\" frameborder=\"0\" allow=\"autoplay; fullscreen; picture-in-picture\" allowfullscreen><\/iframe><\/div><\/script><div class='av-click-to-play-overlay'><div class=\"avia_playpause_icon\"><\/div><\/div><\/div><\/div><div class=\"flex_column av_one_fifth  flex_column_div av-zero-column-padding   avia-builder-el-8  el_after_av_three_fifth  avia-builder-el-last  \" style='border-radius:0px; '><\/div><div  class='avia-button-wrap avia-button-center  avia-builder-el-9  el_after_av_section  avia-builder-el-last ' ><a href='https:\/\/greatpeopleinside.com\/peru\/contact-2\/' class='avia-button avia-button-fullwidth  av-icon-on-hover avia-icon_select-yes-right-icon avia-color-custom '  style='color:#ffffff; background-color:#093f75;  ' ><span class='avia_iconbox_title' >Comun\u00edquese con nosotros<\/span><span class='avia_button_icon avia_button_icon_right' aria-hidden='true' data-av_icon='\ue805' data-av_iconfont='entypo-fontello'><\/span><span class='avia_button_background avia-button avia-button-fullwidth avia-color-custom' style='background-color:#47b4eb; '><\/span><\/a><\/div><\/p>\n","protected":false},"excerpt":{"rendered":"","protected":false},"author":1,"featured_media":0,"parent":0,"menu_order":0,"comment_status":"closed","ping_status":"closed","template":"","meta":[],"_links":{"self":[{"href":"https:\/\/greatpeopleinside.com\/peru\/wp-json\/wp\/v2\/pages\/773"}],"collection":[{"href":"https:\/\/greatpeopleinside.com\/peru\/wp-json\/wp\/v2\/pages"}],"about":[{"href":"https:\/\/greatpeopleinside.com\/peru\/wp-json\/wp\/v2\/types\/page"}],"author":[{"embeddable":true,"href":"https:\/\/greatpeopleinside.com\/peru\/wp-json\/wp\/v2\/users\/1"}],"replies":[{"embeddable":true,"href":"https:\/\/greatpeopleinside.com\/peru\/wp-json\/wp\/v2\/comments?post=773"}],"version-history":[{"count":67,"href":"https:\/\/greatpeopleinside.com\/peru\/wp-json\/wp\/v2\/pages\/773\/revisions"}],"predecessor-version":[{"id":2086,"href":"https:\/\/greatpeopleinside.com\/peru\/wp-json\/wp\/v2\/pages\/773\/revisions\/2086"}],"wp:attachment":[{"href":"https:\/\/greatpeopleinside.com\/peru\/wp-json\/wp\/v2\/media?parent=773"}],"curies":[{"name":"wp","href":"https:\/\/api.w.org\/{rel}","templated":true}]}}