{"id":481,"date":"2018-06-12T13:34:44","date_gmt":"2018-06-12T13:34:44","guid":{"rendered":"http:\/\/greatpeopleinside.com\/spain\/?page_id=481"},"modified":"2022-07-20T13:55:04","modified_gmt":"2022-07-20T18:55:04","slug":"campaigns","status":"publish","type":"page","link":"https:\/\/greatpeopleinside.com\/peru\/campaigns\/","title":{"rendered":"Demostraci\u00f3n"},"content":{"rendered":"<div id='av_section_1'  class='avia-section main_color avia-section-default avia-no-border-styling  avia-bg-style-scroll  avia-builder-el-0  el_before_av_section  avia-builder-el-first   av-arrow-down-section av-minimum-height av-minimum-height-custom  container_wrap sidebar_right' style='background-color: #093f75; background-repeat: no-repeat; background-image: url(https:\/\/greatpeopleinside.com\/peru\/wp-content\/uploads\/2018\/10\/12.png);background-attachment: scroll; background-position: top right;  '  data-section-bg-repeat='no-repeat'><div class='container' style='height:330px'><main  role=\"main\" itemprop=\"mainContentOfPage\"  class='template-page content  av-content-small alpha units'><div class='post-entry post-entry-type-page post-entry-481'><div class='entry-content-wrapper clearfix'>\n<div  style='padding-bottom:40px; color:#e2f4ff;font-size:62px;' class='av-special-heading av-special-heading-h2 custom-color-heading blockquote modern-quote  avia-builder-el-1  avia-builder-el-no-sibling  av-inherit-size '><h2 class='av-special-heading-tag '  itemprop=\"headline\"  >PER\u00da<\/h2><div class ='av-subheading av-subheading_below av_custom_color ' style='font-size:22px;'><p>PARTNER REGIONAL<\/p>\n<\/div><div class='special-heading-border'><div class='special-heading-inner-border' style='border-color:#e2f4ff'><\/div><\/div><\/div>\n\n<\/div><\/div><\/main><!-- close content main element --><\/div><div class='av-extra-border-element border-extra-arrow-down'><div class='av-extra-border-outer'><div class='av-extra-border-inner'  style='background-color:#093f75;' ><\/div><\/div><\/div><\/div><div id='av_section_2'  class='avia-section main_color avia-section-large avia-no-border-styling  avia-bg-style-scroll  avia-builder-el-2  el_after_av_section  el_before_av_button_big   av-arrow-down-section container_wrap sidebar_right' style=' '  ><div class='container' ><div class='template-page content  av-content-small alpha units'><div class='post-entry post-entry-type-page post-entry-481'><div class='entry-content-wrapper clearfix'>\n<div class=\"flex_column av_one_fifth  flex_column_div av-zero-column-padding first  avia-builder-el-3  el_before_av_two_fifth  avia-builder-el-first  \" style='border-radius:0px; '><p><div  class='avia-image-container  av-styling-    avia-builder-el-4  el_before_av_hr  avia-builder-el-first  avia-align-right '  itemprop=\"image\" itemscope=\"itemscope\" itemtype=\"https:\/\/schema.org\/ImageObject\"  ><div class='avia-image-container-inner'><div class='avia-image-overlay-wrap'><img class='avia_image' src='https:\/\/greatpeopleinside.com\/peru\/wp-content\/uploads\/2018\/07\/icon_01.png' alt='' title='' height=\"217\" width=\"183\"  itemprop=\"thumbnailUrl\"  \/><\/div><\/div><\/div><br \/>\n<div  style='height:69px' class='hr hr-invisible   avia-builder-el-5  el_after_av_image  el_before_av_image '><span class='hr-inner ' ><span class='hr-inner-style'><\/span><\/span><\/div><br \/>\n<div  class='avia-image-container  av-styling-    avia-builder-el-6  el_after_av_hr  avia-builder-el-last  avia-align-right '  itemprop=\"image\" itemscope=\"itemscope\" itemtype=\"https:\/\/schema.org\/ImageObject\"  ><div class='avia-image-container-inner'><div class='avia-image-overlay-wrap'><img class='avia_image' src='https:\/\/greatpeopleinside.com\/peru\/wp-content\/uploads\/2018\/07\/icon_02.png' alt='' title='' height=\"217\" width=\"183\"  itemprop=\"thumbnailUrl\"  \/><\/div><\/div><\/div><\/p><\/div><div class=\"flex_column av_two_fifth  flex_column_div av-zero-column-padding   avia-builder-el-7  el_after_av_one_fifth  el_before_av_one_third  \" style='border-radius:0px; '><section class=\"av_textblock_section \"  itemscope=\"itemscope\" itemtype=\"https:\/\/schema.org\/CreativeWork\" ><div class='avia_textblock  av_inherit_color '  style='font-size:16px; color:#1a91bc; '  itemprop=\"text\" ><h6 style=\"text-align: left;\">\u00a1PRUEBE NUESTRA PLATAFORMA!<\/h6>\n<\/div><\/section><br \/>\n<div  style='height:1px; margin-top:-11px'  class='hr hr-invisible   avia-builder-el-9  el_after_av_textblock  el_before_av_textblock '><span class='hr-inner ' ><span class='hr-inner-style'><\/span><\/span><\/div><br \/>\n<section class=\"av_textblock_section \"  itemscope=\"itemscope\" itemtype=\"https:\/\/schema.org\/CreativeWork\" ><div class='avia_textblock  '  style='font-size:19px; '  itemprop=\"text\" ><p>Perm\u00edtanos evaluar a su pr\u00f3xima terna finalista&#8230; y decirle c\u00f3mo encajan con el puesto\u00a0 \u2013 SIN CARGO alguno.<\/p>\n<\/div><\/section><br \/>\n<section class=\"av_textblock_section \"  itemscope=\"itemscope\" itemtype=\"https:\/\/schema.org\/CreativeWork\" ><div class='avia_textblock  '  style='font-size:16px; '  itemprop=\"text\" ><p style=\"text-align: left;\">Use el <strong>formulario de inscripci\u00f3n<\/strong> y nos comunicaremos con usted para coordinar los detalles. \u00a1Es una prueba gratuita y sin condiciones!<\/p>\n<\/div><\/section><br \/>\n<div  style=' margin-top:12px; margin-bottom:22px;'  class='hr hr-custom hr-left hr-icon-no   avia-builder-el-12  el_after_av_textblock  el_before_av_textblock '><span class='hr-inner  inner-border-av-border-thin' style=' width:450px; border-color:#d1d1d1;' ><span class='hr-inner-style'><\/span><\/span><\/div><br \/>\n<section class=\"av_textblock_section \"  itemscope=\"itemscope\" itemtype=\"https:\/\/schema.org\/CreativeWork\" ><div class='avia_textblock  av_inherit_color '  style='font-size:16px; color:#1a91bc; '  itemprop=\"text\" ><h6 style=\"text-align: left;\">\u00a1PRUEBE NUESTRO 360!<\/h6>\n<\/div><\/section><br \/>\n<div  style='height:1px; margin-top:-11px'  class='hr hr-invisible   avia-builder-el-14  el_after_av_textblock  el_before_av_textblock '><span class='hr-inner ' ><span class='hr-inner-style'><\/span><\/span><\/div><br \/>\n<section class=\"av_textblock_section \"  itemscope=\"itemscope\" itemtype=\"https:\/\/schema.org\/CreativeWork\" ><div class='avia_textblock  '  style='font-size:19px; '  itemprop=\"text\" ><p>Si est\u00e1 pensando aplicar un programa 360 en su organizaci\u00f3n, pruebe GPI 360 por cuenta nuestra.<\/p>\n<\/div><\/section><br \/>\n<section class=\"av_textblock_section \"  itemscope=\"itemscope\" itemtype=\"https:\/\/schema.org\/CreativeWork\" ><div class='avia_textblock  '  style='font-size:16px; '  itemprop=\"text\" ><p>Use el <strong>formulario de inscripci\u00f3n<\/strong> y nos comunicaremos con usted para coordinar los detalles. \u00a1Le encantar\u00e1 lo que nuestro 360 puede hacer por su organizaci\u00f3n<\/p>\n<\/div><\/section><\/p><\/div><div class=\"flex_column av_one_third  flex_column_div   avia-builder-el-17  el_after_av_two_fifth  avia-builder-el-last  \" style='padding:12px; background-color:#f2f2f2; border-radius:0px; '><p><div  style='height:6px' class='hr hr-invisible   avia-builder-el-18  el_before_av_textblock  avia-builder-el-first '><span class='hr-inner ' ><span class='hr-inner-style'><\/span><\/span><\/div><br \/>\n<section class=\"av_textblock_section \"  itemscope=\"itemscope\" itemtype=\"https:\/\/schema.org\/CreativeWork\" ><div class='avia_textblock  av_inherit_color '  style='color:#1a91bc; '  itemprop=\"text\" ><h4 style=\"text-align: center;\">Inscr\u00edbase en la Campa\u00f1a<\/h4>\n<\/div><\/section><br \/>\n<form action=\"https:\/\/greatpeopleinside.com\/peru\/campaigns\/\" method=\"post\"  class=\"avia_ajax_form av-form-labels-visible   avia-builder-el-20  el_after_av_textblock  avia-builder-el-last   \" data-avia-form-id=\"1\" data-avia-redirect='' ><fieldset><p class='  first_form  form_element form_fullwidth' id='element_avia_1_1'><label for=\"avia_1_1\">Nombre y Apellido <abbr class=\"required\" title=\"required\">*<\/abbr><\/label> <input name=\"avia_1_1\" class=\"text_input is_empty\" type=\"text\" id=\"avia_1_1\" value=\"\" \/><\/p><p class='  first_form  form_element form_fullwidth' id='element_avia_2_1'><label for=\"avia_2_1\">Correo Electr\u00f3nico <abbr class=\"required\" title=\"required\">*<\/abbr><\/label> <input name=\"avia_2_1\" class=\"text_input is_email\" type=\"text\" id=\"avia_2_1\" value=\"\" \/><\/p><p class='  first_form  form_element form_fullwidth' id='element_avia_3_1'><label for=\"avia_3_1\">Tel\u00e9fono\/Celular <abbr class=\"required\" title=\"required\">*<\/abbr><\/label> <input name=\"avia_3_1\" class=\"text_input is_number\" type=\"text\" id=\"avia_3_1\" value=\"\" \/><\/p><p class='  first_form  form_element form_fullwidth' id='element_avia_4_1'><label for=\"avia_4_1\">Nombre de la Organizaci\u00f3n <abbr class=\"required\" title=\"required\">*<\/abbr><\/label> <input name=\"avia_4_1\" class=\"text_input is_empty\" type=\"text\" id=\"avia_4_1\" value=\"\" \/><\/p><p class=' first_form  form_element form_fullwidth' id='element_avia_5_1'><label for=\"avia_5_1\">Tengo inter\u00e9s en <abbr class=\"required\" title=\"required\">*<\/abbr><\/label> <select  name=\"avia_5_1\" class=\"select is_empty\" id=\"avia_5_1\"><option  value ='Probar la plataforma de evaluaci\u00f3n'>Probar la plataforma de evaluaci\u00f3n<\/option><option  value ='Probar la evaluaci\u00f3n 360'>Probar la evaluaci\u00f3n 360<\/option><\/select><\/p><p class='  first_form  form_element form_fullwidth' id='element_avia_6_1'><label for=\"avia_6_1\">Comentarios<\/label> <input name=\"avia_6_1\" class=\"text_input \" type=\"text\" id=\"avia_6_1\" value=\"\" \/><\/p><p class=' first_form  form_element form_fullwidth av-last-visible-form-element' id='element_avia_7_1'>    <input  name=\"avia_7_1\" class=\"input_checkbox \" type=\"checkbox\" id=\"avia_7_1\" value=\"true\"\/><label class=\"input_checkbox_label\" for=\"avia_7_1\">Autorizo que los datos que proporciono se guarden y utilicen de acuerdo con las leyes y reglamentos locales y del RGPD.<\/label><\/p><p class=\"hidden\"><input type=\"text\" name=\"avia_8_1\" class=\"hidden \" id=\"avia_8_1\" value=\"\" \/><\/p><p class=\"form_element \"><input type=\"hidden\" value=\"1\" name=\"avia_generated_form1\" \/><input type=\"submit\" value=\"Enviar\" class=\"button\"  data-sending-label=\"Sending\"\/><\/p><\/fieldset><\/form><div id=\"ajaxresponse_1\" class=\"ajaxresponse ajaxresponse_1 hidden\"><\/div><\/p><\/div><div  class='avia-button-wrap avia-button-center  avia-builder-el-21  el_after_av_section  avia-builder-el-last ' ><a href='https:\/\/greatpeopleinside.com\/peru\/contact-2\/' class='avia-button avia-button-fullwidth  av-icon-on-hover avia-icon_select-yes-right-icon avia-color-custom '  style='color:#ffffff; background-color:#093f75;  ' ><span class='avia_iconbox_title' >Get in Touch<\/span><span class='avia_button_icon avia_button_icon_right' aria-hidden='true' data-av_icon='\ue805' data-av_iconfont='entypo-fontello'><\/span><span class='avia_button_background avia-button avia-button-fullwidth avia-color-custom' style='background-color:#47b4eb; '><\/span><\/a><\/div><\/p>\n","protected":false},"excerpt":{"rendered":"","protected":false},"author":1,"featured_media":0,"parent":0,"menu_order":0,"comment_status":"closed","ping_status":"closed","template":"","meta":[],"_links":{"self":[{"href":"https:\/\/greatpeopleinside.com\/peru\/wp-json\/wp\/v2\/pages\/481"}],"collection":[{"href":"https:\/\/greatpeopleinside.com\/peru\/wp-json\/wp\/v2\/pages"}],"about":[{"href":"https:\/\/greatpeopleinside.com\/peru\/wp-json\/wp\/v2\/types\/page"}],"author":[{"embeddable":true,"href":"https:\/\/greatpeopleinside.com\/peru\/wp-json\/wp\/v2\/users\/1"}],"replies":[{"embeddable":true,"href":"https:\/\/greatpeopleinside.com\/peru\/wp-json\/wp\/v2\/comments?post=481"}],"version-history":[{"count":72,"href":"https:\/\/greatpeopleinside.com\/peru\/wp-json\/wp\/v2\/pages\/481\/revisions"}],"predecessor-version":[{"id":1994,"href":"https:\/\/greatpeopleinside.com\/peru\/wp-json\/wp\/v2\/pages\/481\/revisions\/1994"}],"wp:attachment":[{"href":"https:\/\/greatpeopleinside.com\/peru\/wp-json\/wp\/v2\/media?parent=481"}],"curies":[{"name":"wp","href":"https:\/\/api.w.org\/{rel}","templated":true}]}}